9573 composite?
False
Is 1686382589 composite?
True
Is 2913979091 composite?
False
Is 198632922041 a prime number?
False
Is 1813439009 composite?
False
Is 90999667 a composite number?
True
Is 19842476911 composite?
False
Is 20031151541 prime?
False
Is 16710041027 prime?
True
Is 194734291 a prime number?
True
Is 14819092609 composite?
False
Is 5542319597 composite?
False
Is 3386064653 prime?
False
Is 5283048013 composite?
True
Is 29885071 a prime number?
True
Is 7385917837 a composite number?
True
Is 108706340689 prime?
False
Is 398903399 composite?
True
Is 811334203 a prime number?
False
Is 547631683 composite?
False
Is 5669507 a prime number?
False
Is 7174589 a composite number?
False
Is 10156848817 prime?
True
Is 24591473 composite?
False
Is 2343650867 composite?
False
Is 138338662907 a composite number?
False
Is 2439153683 a prime number?
True
Is 1489264213 prime?
False
Is 3783041869 a prime number?
True
Is 1815285047 composite?
False
Is 1769791697 a composite number?
True
Is 503193571 a composite number?
False
Is 30977129 prime?
True
Is 8986863953 prime?
False
Is 154377010649 prime?
True
Is 978871511 a composite number?
False
Is 16520407327 a prime number?
True
Is 2489957209 prime?
False
Is 2051112919 a composite number?
False
Is 160857761 composite?
False
Is 20612461397 a composite number?
True
Is 10780560067 a prime number?
True
Is 5012430629 a prime number?
True
Is 4330104467 a prime number?
False
Is 160676861491 a prime number?
True
Is 47983989891 composite?
True
Is 584985139 prime?
True
Is 2342674513 a composite number?
False
Is 340467461 a composite number?
False
Is 70132826603 prime?
False
Is 21768431 a composite number?
False
Is 1539004631 a composite number?
False
Is 80022263 a prime number?
True
Is 130914360457 a prime number?
False
Is 5032148507 composite?
True
Is 519804409 a prime number?
True
Is 1161437063 a composite number?
False
Is 37584149893 composite?
False
Is 16082300483 a composite number?
False
Is 1495567849 prime?
True
Is 494572957 a composite number?
False
Is 393205037 a composite number?
True
Is 2971165843 prime?
True
Is 237892643993 a composite number?
False
Is 6359809114 prime?
False
Is 1017543983 prime?
True
Is 3164025071 prime?
True
Is 20419752187 composite?
False
Is 541954185347 a prime number?
True
Is 6254758931 a prime number?
True
Is 47940071 a prime number?
False
Is 5298842359 a prime number?
False
Is 246789041 composite?
True
Is 5190715409 composite?
True
Is 550193942 composite?
True
Is 6375739177 a composite number?
True
Is 219462853 prime?
True
Is 224391689881 prime?
True
Is 711868957 a prime number?
False
Is 14083641433 prime?
False
Is 5421249737 a prime number?
True
Is 251266291 prime?
True
Is 9971743 a prime number?
False
Is 310415386 a prime number?
False
Is 5091999653 composite?
True
Is 120982919 composite?
True
Is 2379749881 composite?
False
Is 221436001 a composite number?
False
Is 467971765 a prime number?
False
Is 766222363 composite?
True
Is 56671802053 a prime number?
False
Is 6447713089 composite?
False
Is 2160028457 prime?
True
Is 21017775635 a prime number?
False
Is 66853063 a composite number?
True
Is 8856627797 prime?
False
Is 4821965503 prime?
False
Is 153176924963 prime?
False
Is 638800289 a composite number?
False
Is 2006832637 composite?
False
Is 121189307 composite?
True
Is 2655243307 composite?
True
Is 177641441 composite?
False
Is 3877759883 a prime number?
True
Is 2436609137 composite?
True
Is 1545219673 a prime number?
False
Is 642090173 a prime number?
True
Is 40512361 a prime number?
False
Is 81243026411 a prime number?
True
Is 958691777 a composite number?
True
Is 136509227 a composite number?
True
Is 4670335309 a composite number?
True
Is 203348760607 prime?
False
Is 1785139183 a composite number?
True
Is 1658411767 a composite number?
True
Is 6426615469 composite?
True
Is 709902859 prime?
False
Is 721702561 prime?
True
Is 7505138539 prime?
False
Is 486435338 a composite number?
True
Is 24386749811 composite?
True
Is 2589530897 a composite number?
True
Is 1552336931 prime?
False
Is 7702166179 a prime number?
True
Is 29638526851 prime?
False
Is 256439077 prime?
False
Is 22870383761 a prime number?
True
Is 28619374291 a prime number?
True
Is 6867794459 a prime number?
False
Is 4857477329 a prime number?
True
Is 1127553029 prime?
False
Is 901306027 a prime number?
True
Is 734534893 a composite number?
False
Is 8649293039 a composite number?
True
Is 3296891293 a composite number?
False
Is 2498914174 a composite number?
True
Is 17001185143 a composite number?
False
Is 11456239 composite?
False
Is 13384124461 prime?
False
Is 9544057453 a composite number?
True
Is 242705713 composite?
True
Is 1577573209 prime?
False
Is 1169574319 composite?
False
Is 869830567 a prime number?
True
Is 4167532793 prime?
True
Is 28357344451 composite?
False
Is 2299722013 a prime number?
False
Is 18308193479 a composite number?
False
Is 624825505667 composite?
True
Is 405184123 a composite number?
True
Is 1037990467 prime?
True
Is 8190824809 composite?
False
Is 2570729089 composite?
True
Is 497881511 prime?
True
Is 24756241231 composite?
True
Is 25566623123 composite?
True
Is 1246142059 a composite number?
False
Is 50575770761 prime?
True
Is 770339923 a composite number?
False
Is 5107267591 composite?
False
Is 2668263929 a prime number?
False
Is 32556984157 prime?
True
Is 7822957607 prime?
True
Is 623109943 prime?
True
Is 5650891021 a prime number?
True
Is 24043121563 a prime number?
False
Is 488021603 a prime number?
True
Is 25963379083 prime?
False
Is 79001367647 composite?
True
Is 454787062 prime?
False
Is 141567073 a prime number?
True
Is 1771928817 prime?
False
Is 2239473653 a prime number?
True
Is 407276365063 prime?
False
Is 3497029 prime?
True
Is 7515983557 prime?
True
Is 27793866983 prime?
False
Is 858273331 composite?
False
Is 506696539 composite?
False
Is 22393585667 composite?
False
Is 9023473573 composite?
False
Is 290540477 a composite number?
False
Is 2173613095 composite?
True
Is 50008778831 a prime number?
False
Is 105822793 a composite number?
True
Is 20769238741 a composite number?
True
Is 18288177449 prime?
False
Is 302348647 composite?
True
Is 12493840531 a composite number?
True
Is 2379332941 a prime number?
True
Is 476389981 composite?
True
Is 340841791991 a composite number?
False
Is 49372805389 composite?
True
Is 6097565323 a composite number?
False
Is 94344100381 a prime number?
True
Is 1007383321 a composite number?
True
Is 1050321799 composite?
True
Is 293974447831 a prime number?
True
Is 171464357 prime?
True
Is 144547021 composite?
False
Is 3814844237 prime?
False
Is 79259070013 a prime number?
True
Is 2826266231 a prime number?
True
Is 19719086929 composite?
True
Is 2188717151 prime?
True
Is 35235932651 composite?
True
Is 2051374573 composite?
True
Is 4812988489 composite?
False
Is 8382592087 prime?
True
Is 278337757 composite?
False
Is 246111727 a prime number?
True
Is 3917603909 prime?
False
Is 2506156619 prime?
False
Is 295667003 a prime number?
False
Is 5098652695 a prime number?
False
Is 6342589579 a prime number?
False
Is 438925321 prime?
False
Is 890086739 a prime number?
False
Is 25057571047 prime?
False
Is 345030727 composite?
False
Is 327086327 prime?
False
Is 38081978609 a prime number?
True
Is 27511576957 a composite number?
False
Is 783069641 composite?
True
Is 938643697 a composite number?
True
Is 1647666602 prime?
False
Is 506311073 prime?
True
Is 15049850957 prime?
True
Is 258011219147 prime?
False
Is 963289829 composite?
False
Is 46070475901 a composite number?
False
Is 30329850977 prime?
False
Is 1622562509 a prime number?
True
Is 2365651217 a composite number?
True
Is 14612534281 prime?
True
Is 43420850563 composite?
False
Is 26281839071 a prime number?
True
Is 1602911051 a composite number?
True
Is 733922789 a composite number?
False
Is 520470089 composite?
False
Is 9817677799 composite?
True
Is 260090767 prime?
True
Is 6270745141 a composite number?
False
Is 6849126509 prime?
True
Is 3092300797 a prime number?
True
Is 167942057287 prime?
True
Is 7644582343 prime?
False
Is 131596709773 a composite number?
True
Is 143287369 a prime number?
False
Is 5696063 composite?
False
Is 13880597597 a composite number?
True
Is 160976321 prime?
False
Is 70695853